NOAA-Style Climate Reports


Report for 2019 October

Daily noaa report



                            MONTHLY CLIMATOLOGICAL SUMMARY for OCT. 2019

NAME: Rockcreek-Hillcrest   CITY: Superior STATE: Colorado
ELEV: 5612 ft LAT: 039:55:38 LONG: 0105:09:26

                            TEMPERATURE ( °F), RAIN (in.), WIND SPEED (mph)

                                               HEAT     COOL           AVG
      MEAN                                     DEG      DEG            WIND                       DOM
DAY   TEMP    HIGH   TIME     LOW    TIME      DAYS     DAYS    RAIN   SPEED    HIGH    TIME      DIR
--------------------------------------------------------------------------------------------------------
01    47.6   051.7   00:01    43.1   00:00     17.4     00.0   00.11   01.2     11.5    10:16     NNW
02    48.2   063.0   17:26    40.8   07:20     16.7     00.0   00.03   01.0     10.3    14:38     NNW
03    52.4   065.7   16:16    44.2   08:20     12.6     00.0   00.00   00.2     10.3    15:11      NW
04    54.9   070.5   16:09    37.8   06:45     10.1     00.0   00.01   02.2     38.0    23:59      NW
05    55.8   065.6   17:01    46.1   23:09     09.1     00.0   00.00   02.8     48.3    00:30      NW
06    50.1   061.2   17:13    41.3   00:00     14.9     00.0   00.00   00.0     00.0    00:00     NNW
07    53.0   077.1   17:53    34.0   07:08     11.9     00.0   00.00   00.0     01.1    15:44      NW
08    65.8   078.4   14:18    48.5   00:01     00.0     00.9   00.00   00.0     00.0    00:00      NW
09    59.3   078.6   15:01    30.6   00:00     05.6     00.0   00.01   00.3     11.5    23:56      NW
10    23.5   030.7   00:05    20.6   23:01     41.4     00.0   00.01   01.7     19.6    00:56      N 
11    35.6   052.3   15:51    16.7   05:48     29.3     00.0   00.04   01.5     33.4    09:01     NNW
12    45.2   066.5   15:46    30.7   05:41     19.8     00.0   00.00   01.9     26.4    16:27      NW
13    53.0   073.3   14:49    35.9   05:08     12.0     00.0   00.00   00.1     09.2    09:56     NNW
14    62.2   075.0   15:18    49.3   06:59     02.7     00.0   00.00   00.0     00.0    00:00      N 
--------------------------------------------------------------------------------------------------------
50.5 (51.0)   78.6  day 09     16.7  day 11   203.4    000.9   00.21   00.9     48.3   day 02     NNW
Max  0.8in)