NOAA-Style Climate Reports


Report for 2020 February

Daily noaa report



                            MONTHLY CLIMATOLOGICAL SUMMARY for FEB. 2020

NAME: Rockcreek-Hillcrest   CITY: Superior STATE: Colorado
ELEV: 5612 ft LAT: 039:55:38 LONG: 0105:09:26

                            TEMPERATURE ( °F), RAIN (in.), WIND SPEED (mph)

                                               HEAT     COOL           AVG
      MEAN                                     DEG      DEG            WIND                       DOM
DAY   TEMP    HIGH   TIME     LOW    TIME      DAYS     DAYS    RAIN   SPEED    HIGH    TIME      DIR
--------------------------------------------------------------------------------------------------------
01    53.9   060.9   12:06    45.0   01:27     11.0     00.0   00.00   17.9     50.6    09:47      W 
03    54.3   070.6   07:00    46.4   02:58     10.6     00.0   00.00   06.7     26.4    00:14     SSW
04    10.9   070.6   07:01    03.0   21:03     54.1     00.0   00.00   03.3     10.3    10:32      NE
05    14.2   027.3   15:37   -02.5   06:51     50.8     00.0   00.04   05.1     28.8    20:42      W 
06    31.3   040.8   14:06    24.2   22:39     33.7     00.0   00.02   09.2     31.1    06:49      W 
07    25.6   028.3   15:09    22.9   04:53     39.4     00.0   00.02   05.4     16.1    10:00     SSW
08    34.8   053.7   15:39    20.0   04:05     30.2     00.0   00.13   05.0     28.8    15:18      SW
09    25.5   034.7   00:45    13.9   22:37     39.5     00.0   00.09   04.0     19.6    16:41      E 
10    22.8   032.3   14:50    14.4   03:15     42.1     00.0   00.00   04.4     16.1    13:11     ESE
11    20.6   032.9   14:49    08.5   06:34     44.4     00.0   00.05   02.3     11.5    20:56     WSW
12    29.5   036.3   01:22    20.7   00:00     35.5     00.0   00.00   05.8     26.4    07:41      NW
13    20.6   030.0   15:37    13.7   22:17     44.4     00.0   00.05   02.2     10.3    04:59      W 
14    36.7   056.9   14:22    13.7   07:06     28.2     00.0   00.01   06.2     34.5    21:32      W 
15    33.1   047.2   00:33    24.3   06:42     31.8     00.0   00.00   05.1     24.1    01:52      S 
16    37.2   051.4   13:14    24.6   03:23     27.7     00.0   00.00   03.3     16.1    04:25     SSW
17    34.9   042.9   12:18    24.2   00:00     30.0     00.0   00.00   07.7     32.2    09:17      S 
18    27.9   037.8   13:23    21.5   07:28     37.0     00.0   00.00   04.2     17.3    15:14      S 
19    19.8   023.3   07:12    11.3   22:25     45.1     00.0   00.00   04.9     17.3    19:41     NNE
20    20.1   039.1   16:54    04.9   04:05     44.9     00.0   00.01   02.7     11.5    14:42      SW
21    35.0   055.3   13:45    19.8   01:59     29.9     00.0   00.00   04.1     23.0    22:35      SW
22    47.2   059.8   12:56    37.5   01:01     17.7     00.0   00.00   04.9     27.6    09:26      W 
23    38.6   043.0   16:39    34.4   22:28     26.3     00.0   00.00   05.1     19.6    08:02     WNW
24    34.5   041.4   08:08    26.2   20:18     30.4     00.0   00.00   08.8     38.0    10:01     WNW
25    23.9   029.1   00:02    13.8   23:52     41.1     00.0   00.00   09.0     33.4    10:12     NNE
26    29.7   043.0   13:16    12.9   06:58     35.3     00.0   00.00   07.9     34.5    19:25     WSW
--------------------------------------------------------------------------------------------------------
30.5 (31.8)   70.6  day 04    -02.5  day 05   861.0    000.0   00.42   05.8     50.6   day 01      W 
Max